48)). What is the highest common factor of l and 88?
4
Let a = -45 - -41. Let j be (a/6)/(10/(-30)). What is the greatest common factor of 6 and j?
2
Let l(q) = -q**3 - 8*q**2 + q + 12. Let f be l(-8). Let z be (-8)/(f + 228/(-56)). Calculate the highest common factor of z and 32.
16
Suppose 263*m - 12 = 260*m. Calculate the highest common factor of 44 and m.
4
Let q(z) = z**3 - 10*z**2 + 8*z + 18. Let c be 66/8 + 9/12. Let p be q(c). Calculate the greatest common factor of p and 45.
9
Let v(w) = -w**3 - 3*w**2 - 2*w - 1. Let i be v(-3). Let r = -58 - -62. Let m be (1/r)/(6/120). Calculate the highest common divisor of i and m.
5
Let x = 495 + -423. What is the greatest common factor of 936 and x?
72
Let u(r) = 2*r**2 - 18*r + 53. Let y be u(6). Suppose 0 = -3*g - 30 + 285. Calculate the highest common factor of g and y.
17
Suppose -9*h = -84 - 87. Let c(n) be the third derivative of -n**4/24 + 19*n**3/2 + 2*n**2. Let p be c(0). Calculate the highest common divisor of p and h.
19
Let w be ((-8)/(-6))/(64/768). Calculate the highest common factor of 944 and w.
16
Let d = -7 - -15. Let k = 30 - d. Calculate the greatest common divisor of 11 and k.
11
Let v(c) = -4*c + 16. Let m be -1 + 1 + 6 + (-1 - 13). Let k be v(m). Calculate the highest common divisor of 60 and k.
12
Let v be ((-400)/(-140))/((-1)/(-28)). Calculate the greatest common factor of 160 and v.
80
Suppose 0 = -3*h - 5*s + 75, -15 = 68*h - 69*h - 5*s. Calculate the highest common factor of 42 and h.
6
Let a = -41 + 38. Let h be (a + 60)*1 + -3. What is the highest common factor of h and 27?
27
Let h be 1/(8 - (-3235)/(-405)). Let v(k) = -8*k - 6. Let g be v(7). Let l = -8 - g. Calculate the greatest common factor of l and h.
27
Let h = 36 - 24. Let i = -114 + 122. Calculate the highest common divisor of i and h.
4
Let a = -216 - -263. Calculate the highest common divisor of 376 and a.
47
Let q(h) = -35*h**3 + 2*h**2 - 5*h - 6. Let p be q(-4). Calculate the highest common divisor of p and 18.
18
Let l = -11 - -17. Let i be -4 + l + -3 + -2. Let o be (-16)/i + 14/21. Calculate the highest common factor of 48 and o.
6
Suppose 95*y - 92*y - 30 = 0. Let k(h) = 2 + 4 - 2*h - 2*h - 4 + 4*h**2. Let d be k(2). Calculate the greatest common divisor of d and y.
10
Let q(p) = p**2 + 6*p - 85. Let y be q(-23). What is the greatest common divisor of y and 162?
18
Let a(i) = -4*i**3 + 3*i**2 + 5*i + 5. Let b be a(-2). Let j be 1 + 2 + -5 + -14. Let s = b + j. Calculate the greatest common factor of 46 and s.
23
Let y = -148 - -66. Let g = y - -127. Calculate the highest common divisor of g and 5.
5
Let f be 3282/21 + 6/(-21) - -3. Calculate the highest common divisor of f and 3.
3
Let t(x) = -x**3 - 7*x**2 - 13*x - 33. Let b be t(-6). Let l(f) = f**3 - 8*f**2 + 9. Let i be l(8). Calculate the highest common divisor of i and b.
9
Let k = -1472 - -1640. What is the greatest common factor of 98 and k?
14
Suppose -25*w + 5*k - 140 = -30*w, -44 = -2*w + k. Let z be 118 + (-1)/(-1) - -1. Calculate the greatest common factor of z and w.
24
Suppose -184 = -37*s + 29*s. What is the highest common factor of s and 161?
23
Let p(n) be the third derivative of -n**6/120 - n**5/5 - 2*n**3/3 + 25*n**2. Let v be p(-13). Calculate the greatest common factor of v and 66.
33
Let g(m) = 20*m**2 - 2*m - 1. Let r be g(-1). Suppose 4*o - 3*o = 4. Let n(j) = 7*j - 7. Let s be n(o). Calculate the highest common factor of s and r.
21
Let s = -7 + 12. Let y(q) = -q - 5. Let p be y(-1). Let u be (-5)/(1 - (-2 - p)). Calculate the highest common factor of s and u.
5
Let i(v) = v**2 + 14*v - 2. Let t be i(-16). What is the greatest common factor of 10 and t?
10
Suppose -600 = 40*b - 36*b. Let a = -93 - b. Calculate the greatest common divisor of 38 and a.
19
Suppose 168 = 101*m - 73*m. Calculate the greatest common factor of 213 and m.
3
Let a = 2083 - 2069. Suppose -4*g = -0*g - 140. Calculate the greatest common divisor of a and g.
7
Suppose g = -4*z + 20, 5*z + 5*g = 13 + 27. Suppose 0 = -2*w + c + 202, 3*w + 5 = 2*c + 309. What is the highest common divisor of z and w?
4
Suppose 0 = 4*u - 3*u. Suppose u = p - 6*p + 90. Let o(a) = -14*a - 2. Let c be o(-1). What is the highest common divisor of p and c?
6
Suppose 4*y = 2*h - 80, 5*y + 5 - 67 = -2*h. Suppose 2*f - 7*f - 20 = 3*j, -5*f + 4*j = 55. Let s = f - -31. What is the greatest common divisor of h and s?
12
Suppose -4*p = 3*n - 318, p - 3*n + n = 74. Let o = -42 + p. What is the highest common factor of o and 9?
9
Let x be 108 + (4 - (-4 - -8) - -4). Calculate the highest common divisor of x and 48.
16
Let s(o) = -11*o**3 - 2*o**2 + 2*o + 6. Let n be s(-2). Calculate the highest common factor of n and 656.
82
Suppose 4*x = 2*a - 20, -a + 2*a + 2 = 0. Let p be (-12)/5*20/x. Suppose 5*n - 11 + 6 = 0. What is the greatest common factor of n and p?
1
Suppose -5*h = -5*z - 570, -2*z - 3 - 1 = 0. Let t = -12 + h. What is the greatest common factor of t and 25?
25
Let a(i) be the third derivative of 3*i**4/8 - 4*i**3/3 + 4*i**2. Let h be a(8). Let q be 1 - 2/((-6)/45). What is the highest common factor of q and h?
16
Let z be (30/(-3))/((-8)/176). Suppose 3*i - 12 = i. Let m(u) = 2*u + 8. Let k be m(i). Calculate the highest common divisor of z and k.
20
Let y(u) = 3*u + 1. Let h be y(1). Suppose -h*o + 3*n = -32, 5*o + 0*o - 13 = -3*n. Let t = -123 + 178. Calculate the greatest common divisor of o and t.
5
Suppose 0 = -2*n + s + 3*s + 50, 30 = n - s. Calculate the greatest common factor of 14 and n.
7
Let r(g) = 605*g - 124. Let h be r(3). What is the greatest common factor of h and 19?
19
Suppose -2*n + m - 85 = 0, -5*n + 4*m + m = 200. Let p be (-4)/(-18) + (-125)/n. Suppose p*r - 2*r - 28 = 0. Calculate the highest common factor of 4 and r.
4
Let p = 6 - 2. Suppose -4*o = o + i - 1784, 0 = -o + p*i + 361. Suppose 2*v - 11 - o = 0. What is the greatest common factor of 23 and v?
23
Let w = 2596 + -2446. Calculate the highest common divisor of 240 and w.
30
Let h(d) = -67*d - 15. Let p be h(-5). Suppose -166 = -6*s + p. Calculate the greatest common factor of s and 54.
27
Suppose 69 = 2*r - 5*n, -49 = -5*r - 4*n + 41. Calculate the greatest common factor of r and 539.
11
Let d(n) = 331*n**2 - 2*n + 1. Let o be d(1). Suppose 4*b + 4*h = 264, 0*b = -5*b + h + o. Let u = 165 - b. Calculate the greatest common divisor of u and 9.
9
Let o be 90/(-27)*2*6/(-4). Calculate the greatest common factor of o and 110.
10
Let v(g) = 11*g**2 + 3*g + 10. Let w be v(5). Suppose 4*i = -2*i + w. What is the greatest common divisor of i and 100?
50
Suppose 181*y = 175*y + 168. Let z = 6 + -3. Let o be (20 + 1)*1/z. What is the highest common factor of y and o?
7
Suppose 188 = 5*w + 4*g - 19, 9 = 3*g. Calculate the highest common factor of w and 351.
39
Let h be (-1)/(-3) - (1280/(-12) + -7). Calculate the highest common factor of h and 76.
38
Let o = -23 - -27. Suppose x + 2*m = 4*m + 29, 39 = x - o*m. Calculate the highest common divisor of 19 and x.
19
Suppose 4*b - 19 = 149. Suppose 2*q + 48 = -2*x, -4*x - 8 = -3*x + 5*q. Let n be (-2)/(2 + x/12). What is the highest common divisor of b and n?
6
Suppose 2967 = 228*u - 185*u. What is the greatest common divisor of 92 and u?
23
Let q(p) be the first derivative of p**4/4 + 25*p**3/3 - p**2 - 36*p - 16. Let j be q(-25). Calculate the highest common factor of j and 21.
7
Suppose -3*g + 2*u = -1238, 2 = u - 3. Calculate the highest common factor of 52 and g.
52
Suppose -8*x + 15 = -7*x. Suppose z + 5*f - x = -3*z, 2*z = 3*f + 13. What is the greatest common divisor of 5 and z?
5
Let v = 1279 - 259. Calculate the highest common factor of v and 40.
20
Suppose i - 2*p - 136 = -20, 2*i - 236 = 2*p. Suppose -13*k - 480 = -9*k - 14*k. Calculate the greatest common factor of i and k.
24
Let m = 14 + -10. Let b = m - 0. Suppose -b*r = r - 60. What is the greatest common divisor of 84 and r?
12
Suppose -398 = 9*l - 1091. Let b = -73 + l. What is the greatest common factor of b and 52?
4
Let v be ((1989/12)/13)/((-1)/(-4)). Calculate the highest common divisor of v and 17.
17
Let p be 18/(-12)*(-34)/3 - -3. Let y be 330/4*24/p. Calculate the greatest common divisor of 11 and y.
11
Suppose 1240 = 53*l - 49*l. Calculate the highest common factor of 20 a